{"id":2,"date":"2015-02-21T17:06:20","date_gmt":"2015-02-21T17:06:20","guid":{"rendered":"http:\/\/www.ubytovanibeskiden.cz.uvirt79.active24.cz\/?page_id=2"},"modified":"2025-07-07T19:18:42","modified_gmt":"2025-07-07T19:18:42","slug":"ukazka-strany","status":"publish","type":"page","link":"https:\/\/www.ubytovani-beskiden.cz\/?page_id=2","title":{"rendered":"O chat\u011b"},"content":{"rendered":"<h2><\/h2>\n<h2>Chata Beskiden<\/h2>\n<p>Srde\u010dn\u011b V\u00e1s v\u00edt\u00e1me v na\u0161\u00ed tradi\u010dn\u00ed Chat\u011b Beskiden, kter\u00e1 je situov\u00e1na na okraji lesa, p\u0159ibli\u017en\u011b 2 km od centra podhorsk\u00e9 rekrea\u010dn\u00ed obce Vala\u0161sk\u00e1 Byst\u0159ice. U n\u00e1s naleznete jedine\u010dnou atmosf\u00e9ru venkova, nekone\u010dnou pohodu, \u010derstv\u00fd vzduch a to v\u0161e v objet\u00ed n\u00e1dhern\u00e9 p\u0159\u00edrodn\u00ed scen\u00e9rie Chr\u00e1n\u011bn\u00e9 krajinn\u00e9 oblasti Beskydy.<\/p>\n<p>Chata Beskiden le\u017e\u00ed v chr\u00e1n\u011bn\u00e9 krajinn\u00e9 oblasti Beskydy v malebn\u00e9 a na kulturn\u00ed d\u011bn\u00ed bohat\u00e9 vesnici Vala\u0161sk\u00e1 Byst\u0159ice. Obec je vsazena v \u00fadol\u00ed mezi kopci Vset\u00ednsk\u00fdch vrch\u016f (St\u0159edem poho\u0159\u00ed se t\u00e1hne h\u0159bet s vrcholy Vsack\u00fd C\u00e1b (824 m), Sol\u00e1\u0148 (861 m) a nejvy\u0161\u0161\u00ed horou poho\u0159\u00ed Vysok\u00e1 (1024 m. ).<\/p>\n<p style=\"text-align: center;\"><a href=\"http:\/\/www.ubytovani-beskiden.cz\/wp-content\/uploads\/2025\/03\/350097923_207944235414045_4703111352413862597_n.jpg\"><img decoding=\"async\" loading=\"lazy\" class=\"alignnone size-medium wp-image-596\" src=\"http:\/\/www.ubytovani-beskiden.cz\/wp-content\/uploads\/2025\/03\/350097923_207944235414045_4703111352413862597_n-300x169.jpg\" alt=\"\" width=\"300\" height=\"169\" srcset=\"https:\/\/www.ubytovani-beskiden.cz\/wp-content\/uploads\/2025\/03\/350097923_207944235414045_4703111352413862597_n-300x169.jpg 300w, https:\/\/www.ubytovani-beskiden.cz\/wp-content\/uploads\/2025\/03\/350097923_207944235414045_4703111352413862597_n-1024x576.jpg 1024w, https:\/\/www.ubytovani-beskiden.cz\/wp-content\/uploads\/2025\/03\/350097923_207944235414045_4703111352413862597_n-768x432.jpg 768w, https:\/\/www.ubytovani-beskiden.cz\/wp-content\/uploads\/2025\/03\/350097923_207944235414045_4703111352413862597_n-1536x864.jpg 1536w, https:\/\/www.ubytovani-beskiden.cz\/wp-content\/uploads\/2025\/03\/350097923_207944235414045_4703111352413862597_n.jpg 2048w\" sizes=\"(max-width: 300px) 100vw, 300px\" \/><\/a><\/p>\n<p>P\u0159\u00edmo ve\/z Vala\u0161sk\u00e9 Byst\u0159ice m\u016f\u017eete podniknout spoustu v\u00fdlet\u016f na kole \u010di p\u011b\u0161ky, jedn\u00e1 se o strategick\u00e9 m\u00edsto pro ubytov\u00e1n\u00ed, odkud se m\u016f\u017eete rozjet n\u011bkolika sm\u011bry (v\u00edce konkr\u00e9tn\u00edch tip\u016f viz. Tipy na V\u00fdlety). Krom\u011b toho zde m\u00e1me Golfov\u00e9 a discgolfov\u00e9 h\u0159i\u0161t\u011b, tenisov\u00e1 h\u0159i\u0161t\u011b a jen 10km od n\u00e1s se nach\u00e1z\u00ed Byst\u0159i\u010dka P\u0159ehrada.<\/p>\n<p style=\"text-align: center;\"><a href=\"http:\/\/www.ubytovani-beskiden.cz\/wp-content\/uploads\/2025\/03\/MG_6674_foto_Jan_Kolar.jpg\"><img decoding=\"async\" loading=\"lazy\" class=\"alignnone size-medium wp-image-595\" src=\"http:\/\/www.ubytovani-beskiden.cz\/wp-content\/uploads\/2025\/03\/MG_6674_foto_Jan_Kolar-300x263.jpg\" alt=\"\" width=\"300\" height=\"263\" srcset=\"https:\/\/www.ubytovani-beskiden.cz\/wp-content\/uploads\/2025\/03\/MG_6674_foto_Jan_Kolar-300x263.jpg 300w, https:\/\/www.ubytovani-beskiden.cz\/wp-content\/uploads\/2025\/03\/MG_6674_foto_Jan_Kolar.jpg 480w\" sizes=\"(max-width: 300px) 100vw, 300px\" \/><\/a><\/p>\n<p>Chata Beskiden nab\u00edz\u00ed ubytov\u00e1n\u00ed ve dvou samostatn\u00fdch mezonetov\u00fdch apartm\u00e1nech, jejich\u017e celkov\u00e1 kapacita je 10 l\u016f\u017eek. V p\u0159\u00edpad\u011b z\u00e1jmu V\u00e1m r\u00e1di pronajmeme chatu jako celek. N\u00e1\u0161 rekrea\u010dn\u00ed domek sest\u00e1v\u00e1 z:<br \/>\n&#8211; Apartm\u00e1nu pro 5 osob,<br \/>\n&#8211; Apartm\u00e1nu pro 6 osob.<\/p>\n<p style=\"text-align: center;\"><a href=\"http:\/\/www.ubytovani-beskiden.cz\/wp-content\/uploads\/2025\/03\/IMG_4835.jpeg\"><img decoding=\"async\" loading=\"lazy\" class=\"alignnone size-medium wp-image-525\" src=\"http:\/\/www.ubytovani-beskiden.cz\/wp-content\/uploads\/2025\/03\/IMG_4835-300x225.jpeg\" alt=\"\" width=\"300\" height=\"225\" srcset=\"https:\/\/www.ubytovani-beskiden.cz\/wp-content\/uploads\/2025\/03\/IMG_4835-300x225.jpeg 300w, https:\/\/www.ubytovani-beskiden.cz\/wp-content\/uploads\/2025\/03\/IMG_4835-1024x768.jpeg 1024w, https:\/\/www.ubytovani-beskiden.cz\/wp-content\/uploads\/2025\/03\/IMG_4835-768x576.jpeg 768w, https:\/\/www.ubytovani-beskiden.cz\/wp-content\/uploads\/2025\/03\/IMG_4835-1536x1152.jpeg 1536w, https:\/\/www.ubytovani-beskiden.cz\/wp-content\/uploads\/2025\/03\/IMG_4835.jpeg 2048w\" sizes=\"(max-width: 300px) 100vw, 300px\" \/><\/a><\/p>\n<p>Ka\u017ed\u00e1 ubytovac\u00ed jednotka m\u00e1 vlastn\u00ed kuchyni, ve kter\u00e9 je um\u00edst\u011bn elektrick\u00fd va\u0159i\u010d, lednice s mraz\u00e1\u010dkem, rychlovarn\u00e1 konvice a mikrovlnn\u00e1 trouba. Ve vybaven\u00ed nechyb\u00ed ani n\u00e1dob\u00ed pot\u0159ebn\u00e9 k va\u0159en\u00ed a stolov\u00e1n\u00ed. Na chutn\u00e9m ob\u011bd\u011b si pochutn\u00e1te za d\u0159ev\u011bn\u00fdm j\u00eddeln\u00edm posezen\u00edm.<\/p>\n<p style=\"text-align: center;\"><a href=\"http:\/\/www.ubytovani-beskiden.cz\/wp-content\/uploads\/2025\/03\/IMG_5260.jpeg\"><img decoding=\"async\" loading=\"lazy\" class=\"alignnone size-medium wp-image-579\" src=\"http:\/\/www.ubytovani-beskiden.cz\/wp-content\/uploads\/2025\/03\/IMG_5260-300x225.jpeg\" alt=\"\" width=\"300\" height=\"225\" srcset=\"https:\/\/www.ubytovani-beskiden.cz\/wp-content\/uploads\/2025\/03\/IMG_5260-300x225.jpeg 300w, https:\/\/www.ubytovani-beskiden.cz\/wp-content\/uploads\/2025\/03\/IMG_5260-1024x768.jpeg 1024w, https:\/\/www.ubytovani-beskiden.cz\/wp-content\/uploads\/2025\/03\/IMG_5260-768x576.jpeg 768w, https:\/\/www.ubytovani-beskiden.cz\/wp-content\/uploads\/2025\/03\/IMG_5260-1536x1152.jpeg 1536w, https:\/\/www.ubytovani-beskiden.cz\/wp-content\/uploads\/2025\/03\/IMG_5260.jpeg 2048w\" sizes=\"(max-width: 300px) 100vw, 300px\" \/><\/a><\/p>\n<p>No\u010dn\u00ed \u010d\u00e1st obou apartm\u00e1n\u016f sest\u00e1v\u00e1 z podkrovn\u00ed lo\u017enice, ve kter\u00e9 jsou um\u00edst\u011bna pohodln\u00e1 l\u016f\u017eka s mo\u017enost\u00ed spojen\u00ed. Do men\u0161\u00edho apartm\u00e1nu lze dolo\u017eit pohodlnou d\u0159ev\u011bnou d\u011btskou post\u00fdlku. Oba mezonety maj\u00ed vlastn\u00ed koupelnu se sprchov\u00fdm koutem, umyvadlem a toaletou.<\/p>\n<p style=\"text-align: center;\"><a href=\"http:\/\/www.ubytovani-beskiden.cz\/wp-content\/uploads\/2025\/03\/relax-79a5-.jpeg\"><img decoding=\"async\" loading=\"lazy\" class=\"alignnone size-medium wp-image-605\" src=\"http:\/\/www.ubytovani-beskiden.cz\/wp-content\/uploads\/2025\/03\/relax-79a5--300x201.jpeg\" alt=\"\" width=\"300\" height=\"201\" srcset=\"https:\/\/www.ubytovani-beskiden.cz\/wp-content\/uploads\/2025\/03\/relax-79a5--300x201.jpeg 300w, https:\/\/www.ubytovani-beskiden.cz\/wp-content\/uploads\/2025\/03\/relax-79a5--1024x685.jpeg 1024w, https:\/\/www.ubytovani-beskiden.cz\/wp-content\/uploads\/2025\/03\/relax-79a5--768x514.jpeg 768w, https:\/\/www.ubytovani-beskiden.cz\/wp-content\/uploads\/2025\/03\/relax-79a5-.jpeg 1280w\" sizes=\"(max-width: 300px) 100vw, 300px\" \/><\/a><\/p>\n<p>Vybaven\u00ed zahrady zaru\u010den\u011b pot\u011b\u0161\u00ed mal\u00e9 i velk\u00e9. Pro Va\u0161e d\u011bti\u010dky je p\u0159ipraveno d\u011btsk\u00e9 h\u0159i\u0161t\u011b s dome\u010dkem, trampol\u00ednou, houpa\u010dkami, skluzavkou, zaj\u00edmav\u00fdmi prol\u00e9za\u010dkami a p\u00edskovi\u0161t\u011bm, odr\u00e1\u017eedla, auta, ko\u010d\u00e1rek, Ti d\u0159\u00edve narozen\u00ed se mohou odreagovat p\u0159i p\u0159\u00edprav\u011b grilovan\u00fdch specialit. K dispozici je kryt\u00fd alt\u00e1n s vn\u011bj\u0161\u00edm krbem a posezen\u00edm ,samotn\u00e9\u00a0 ohni\u0161t\u011b s lavi\u010dkami. V l\u00e9t\u011b je k dispozici venkovn\u00ed baz\u00e9n 366 cm x 76 cm. Kdo m\u00e1 r\u00e1d vala\u0161sk\u00e9 frg\u00e1ly tak p\u0159\u00edmo majitelka objektu pe\u010de r\u016fzn\u00e9 druhy.\u00a0 Parkov\u00e1n\u00ed je zaji\u0161t\u011bno p\u0159\u00edmo p\u0159ed chatou.<\/p>\n<p><a href=\"http:\/\/www.ubytovani-beskiden.cz\/wp-content\/uploads\/2025\/02\/IMG_4625-scaled.jpeg\"><img decoding=\"async\" loading=\"lazy\" class=\"size-medium wp-image-506 aligncenter\" src=\"http:\/\/www.ubytovani-beskiden.cz\/wp-content\/uploads\/2025\/02\/IMG_4625-300x233.jpeg\" alt=\"\" width=\"300\" height=\"233\" srcset=\"https:\/\/www.ubytovani-beskiden.cz\/wp-content\/uploads\/2025\/02\/IMG_4625-300x233.jpeg 300w, https:\/\/www.ubytovani-beskiden.cz\/wp-content\/uploads\/2025\/02\/IMG_4625-1024x794.jpeg 1024w, https:\/\/www.ubytovani-beskiden.cz\/wp-content\/uploads\/2025\/02\/IMG_4625-768x596.jpeg 768w, https:\/\/www.ubytovani-beskiden.cz\/wp-content\/uploads\/2025\/02\/IMG_4625-1536x1191.jpeg 1536w, https:\/\/www.ubytovani-beskiden.cz\/wp-content\/uploads\/2025\/02\/IMG_4625-2048x1588.jpeg 2048w\" sizes=\"(max-width: 300px) 100vw, 300px\" \/><\/a><\/p>\n<p>P\u0159\u00edjezd p\u0159\u00edmo z asfaltov\u00e9 silnice\u00a0 bez probl\u00e9mu.<\/p>\n<p>Okol\u00ed Vala\u0161sk\u00e9 Byst\u0159ice je jako stvo\u0159en\u00e9 pro turistiku a cyklistiku. Hned za domem za\u010d\u00edn\u00e1 les, ve kter\u00e9m se m\u016f\u017eete pustit do sb\u011bru h\u0159ib\u016f a sladk\u00fdch lesn\u00edch plod\u016f. Ve vesnici se nach\u00e1z\u00ed i d\u011btsk\u00e9 h\u0159i\u0161t\u011b, tenisov\u00e9 kurty, cukr\u00e1rna i golfov\u00fd are\u00e1l. Doporu\u010dujeme V\u00e1m tak\u00e9 v\u00fdlet k Vyhl\u00eddkov\u00e9 v\u011b\u017ei B\u00fa\u0159ov. Vodn\u00ed relax a z\u00e1bavu si u\u017eijete na Koupali\u0161ti Ro\u017enov pod Radho\u0161t\u011bm.\u00a0 Zima v Beskydech V\u00e1s okouzl\u00ed spoustou sn\u011bhu a kvalitn\u00edmi sjezdovkami Ski are\u00e1lu B\u00fa\u0159ov (aktu\u00e1ln\u011b nen\u00ed v provozu) , Ski are\u00e1lu Sol\u00e1\u0148, Razula ve Velk\u00fdch Karlovic\u00edch \u010di ly\u017ea\u0159sk\u00e9 vleky na B\u00edl\u00e9 \u010di v Karolince.<\/p>\n<p style=\"text-align: center;\"><a href=\"http:\/\/www.ubytovani-beskiden.cz\/wp-content\/uploads\/2025\/02\/15419-beskydy.jpg\"><img decoding=\"async\" loading=\"lazy\" class=\"alignnone size-medium wp-image-517\" src=\"http:\/\/www.ubytovani-beskiden.cz\/wp-content\/uploads\/2025\/02\/15419-beskydy-300x213.jpg\" alt=\"\" width=\"300\" height=\"213\" srcset=\"https:\/\/www.ubytovani-beskiden.cz\/wp-content\/uploads\/2025\/02\/15419-beskydy-300x213.jpg 300w, https:\/\/www.ubytovani-beskiden.cz\/wp-content\/uploads\/2025\/02\/15419-beskydy-768x545.jpg 768w, https:\/\/www.ubytovani-beskiden.cz\/wp-content\/uploads\/2025\/02\/15419-beskydy.jpg 1024w\" sizes=\"(max-width: 300px) 100vw, 300px\" \/><\/a><\/p>\n<p>Vesnice je 10km vzd\u00e1len\u00e1 od m\u011bsta Ro\u017enov pod Radho\u0161t\u011bm, kter\u00e9 je zn\u00e1m\u00e9 p\u0159edev\u0161\u00edm pro sv\u00e9 Vala\u0161sk\u00e9 Muzeum v p\u0159\u00edrod\u011b. V Ro\u017enov\u011b stoj\u00ed za n\u00e1v\u0161t\u011bvu tak\u00e9 Jurkovi\u010dova rozhledna nebo obl\u00edben\u00e9 Ro\u017enovsk\u00e9 pivn\u00ed l\u00e1zn\u011b, kde se m\u016f\u017eete zrelaxovat jak na t\u011ble tak na du\u0161i. Pustevny jsou dal\u0161\u00edm m\u00edstem, kde stoj\u00ed za to se pod\u00edvat, krom\u011b n\u00e1dhern\u00fdch historick\u00fdch staveb je zde i nov\u011b vybudovan\u00e1 Stezka Vala\u0161ska. Dostanete se tam busem, autem, lanovkou \u010di na kole. Z Pusteven si m\u016f\u017eete ud\u011blat kr\u00e1snou proch\u00e1zku po h\u0159ebeni na Radho\u0161\u0165. Pokud Vy, \u010di Va\u0161e ratolesti miluj\u00ed lezen\u00ed, \u010di jin\u00e9 podobn\u00e9 radov\u00e1nky, pod\u00edvejte se ur\u010dit\u011b do Gibon Parku, nebo do Trojanovick\u00e9 Tarz\u00e1nie (lanovkou se tam d\u00e1 sjet pr\u00e1v\u011b z Pusteven). Tak\u00e9 doporu\u010dujeme nav\u0161t\u00edvit kr\u00e1snou Zoo v Le\u0161n\u00e9 u Zl\u00edna a nebo Welness Hotely ve Velk\u00fdch Karlovic\u00edch, kde v l\u00e9t\u011b i v zim\u011b je n\u00e1dhern\u011b a je zde spousta z\u00e1bavy &#8211; Aquapark Vodn\u00ed Sv\u011bt, D\u011btsk\u00e9 centrum pln\u00e9 z\u00e1bavy, Term\u00e1ln\u00ed baz\u00e9ny Wellness Horal atd. D\u011btsk\u00e9 parky na B\u00edl\u00e9 \u010di obora s lesn\u00edmi zv\u00ed\u0159atky jsou tak\u00e9 velkou v\u00fdzvou.<\/p>\n<p style=\"text-align: center;\"><a href=\"http:\/\/www.ubytovani-beskiden.cz\/wp-content\/uploads\/2025\/03\/4604b7874e12bf89354f82ead14f64d3-t1.jpeg\"><img decoding=\"async\" loading=\"lazy\" class=\"alignnone size-medium wp-image-612\" src=\"http:\/\/www.ubytovani-beskiden.cz\/wp-content\/uploads\/2025\/03\/4604b7874e12bf89354f82ead14f64d3-t1-300x200.jpeg\" alt=\"\" width=\"300\" height=\"200\" srcset=\"https:\/\/www.ubytovani-beskiden.cz\/wp-content\/uploads\/2025\/03\/4604b7874e12bf89354f82ead14f64d3-t1-300x200.jpeg 300w, https:\/\/www.ubytovani-beskiden.cz\/wp-content\/uploads\/2025\/03\/4604b7874e12bf89354f82ead14f64d3-t1-1024x684.jpeg 1024w, https:\/\/www.ubytovani-beskiden.cz\/wp-content\/uploads\/2025\/03\/4604b7874e12bf89354f82ead14f64d3-t1-768x513.jpeg 768w, https:\/\/www.ubytovani-beskiden.cz\/wp-content\/uploads\/2025\/03\/4604b7874e12bf89354f82ead14f64d3-t1.jpeg 1120w\" sizes=\"(max-width: 300px) 100vw, 300px\" \/><\/a> <a href=\"http:\/\/www.ubytovani-beskiden.cz\/wp-content\/uploads\/2025\/03\/f8833d24b6e0031485d614d1433b765d-t1.jpeg\"><img decoding=\"async\" loading=\"lazy\" class=\"alignnone size-medium wp-image-614\" src=\"http:\/\/www.ubytovani-beskiden.cz\/wp-content\/uploads\/2025\/03\/f8833d24b6e0031485d614d1433b765d-t1-300x225.jpeg\" alt=\"\" width=\"300\" height=\"225\" srcset=\"https:\/\/www.ubytovani-beskiden.cz\/wp-content\/uploads\/2025\/03\/f8833d24b6e0031485d614d1433b765d-t1-300x225.jpeg 300w, https:\/\/www.ubytovani-beskiden.cz\/wp-content\/uploads\/2025\/03\/f8833d24b6e0031485d614d1433b765d-t1-768x576.jpeg 768w, https:\/\/www.ubytovani-beskiden.cz\/wp-content\/uploads\/2025\/03\/f8833d24b6e0031485d614d1433b765d-t1.jpeg 1024w\" sizes=\"(max-width: 300px) 100vw, 300px\" \/><\/a><\/p>\n<p>Spoustu tip\u016f najdete zde:<br \/>\nhttps: \/\/www. explorio. cz\/aktivity\/beskydy &#8211; a &#8211; vala\u0161sko<br \/>\nhttps: \/\/www. kudyznudy. cz\/vyhledavani? text=vala%C5%A1ssko<\/p>\n<p>Pokud hled\u00e1te m\u00edsto pro Va\u0161i pohodovou dovolenou na hor\u00e1ch &#8211; dorazili jste do c\u00edle. T\u011b\u0161\u00edme se na setk\u00e1n\u00ed s V\u00e1mi v na\u0161\u00ed Chat\u011b Beskiden.<\/p>\n<p><strong>Pron\u00e1jem chaty Beskiden:<\/strong><\/p>\n<p><strong>Adresa:<\/strong> Vala\u0161sk\u00e1 Byst\u0159ice 715, Vala\u0161sk\u00e1 Byst\u0159ice<br \/>\n<strong>Kraj:<\/strong> Zl\u00ednsk\u00fd (Beskydy)<br \/>\n<strong>Kapacita:<\/strong> 10 (2x lo\u017enice)<\/p>\n<p><strong>Cena:<\/strong><\/p>\n<p>Mo\u017enost pobytu ji\u017e od 2 osob.<\/p>\n<p><strong>Mimo sezonu<\/strong><\/p>\n<p>400,-k\u010d. dosp\u011bl\u00fd\/noc, \u00a0 170,- d\u00edt\u011b do 5 let\/noc<strong><br \/>\n<\/strong><\/p>\n<p><strong>Letn\u00ed sez\u00f3na<br \/>\n<\/strong><\/p>\n<p><strong>\u00a0<\/strong> 400,-k\u010d. dosp\u011bl\u00fd\/noc, \u00a0 170,- d\u00edt\u011b do 5 let\/noc<strong><br \/>\n<\/strong><\/p>\n<p><strong>Pr\u00e1zdniny:<\/strong>\u00a0\u00a0 T\u00fddenn\u00ed pobyty od soboty do soboty.<\/p>\n<p><strong>Zimn\u00ed sez\u00f3na<\/strong><\/p>\n<p>400,-k\u010d. dosp\u011bl\u00fd\/noc, \u00a0 170,- d\u00edt\u011b do 5 let\/noc<\/p>\n<p>Cena zahrnuje lo\u017en\u00ed pr\u00e1dlo, ru\u010dn\u00edky, elektrickou energii a parkov\u00e1n\u00ed.<\/p>\n<div class=\"attrs\">\n<p class=\"attr\">\n<p class=\"attr\"><strong>Vyt\u00e1p\u011bn\u00ed<\/strong><br \/>\nelektrick\u00e9<\/p>\n<p class=\"attr\"><strong>Stravov\u00e1n\u00ed:<\/strong><\/p>\n<p class=\"attr\">50 m od chaty je restaurace se zahr\u00e1dkou, kde va\u0159\u00ed po dom\u00e1cku za p\u0159ijateln\u00e9 ceny . Pizzerie, Cukr\u00e1rna Romance, Coop prodejna, Po\u0161ta, Zdrav. st\u0159edisko jsou vzd\u00e1len\u00e9 cca 2 km.<\/p>\n<p class=\"attr\">\n<p class=\"attr\"><strong>Z\u00e1bava<\/strong><\/p>\n<p class=\"attr\">D\u011btsk\u00e9 h\u0159i\u0161t\u011b 700m, dal\u0161\u00ed d\u011btsk\u00e9 h\u0159i\u0161t\u011b 2km, golfov\u00e9 h\u0159i\u0161t\u011b 3km, p\u0159ehrada 7km, kryt\u00fd baz\u00e9n 10km, p\u0159\u00edmo v bezprost\u0159edn\u00edm okol\u00ed cyklostezky, b\u011b\u017eeck\u00e9 trasy.<\/p>\n<p class=\"attr\"><em>Prvn\u00edm tipem na cyklov\u00fdlet je Hospoda na D\u00edlech:<\/em><\/p>\n<p class=\"attr\">Varianta 1 &#8211; krat\u0161\u00ed trasa m\u00e1 3,4 km a pr\u016fm\u011brn\u011b zdatn\u00fd cyklista ji zvl\u00e1dne za 30min. P\u0159ev\u00fd\u0161en\u00ed je z 483m. n. m na 664m. n. m.<\/p>\n<p class=\"attr\">Varianta 2 &#8211; del\u0161\u00ed trasa m\u011b\u0159\u00ed 4,6 km, d\u00e1 se zvl\u00e1dnout za 40min. Na za\u010d\u00e1tku trasy V\u00e1s sice \u010dek\u00e1 v\u011bt\u0161\u00ed stoup\u00e1k (tak cca. 1km), ale jakmile se dostanete na h\u0159eben, \u010dek\u00e1 V\u00e1s kr\u00e1sn\u00e1 vyj\u00ed\u017e\u010fka s v\u00fdhledem po okoln\u00edch kopc\u00edch. Ob\u011b tyto trasy vedou mimo hlavn\u00ed silnici, po zpevn\u011bn\u00e9 asfaltov\u00e9, \u010d\u00e1ste\u010dn\u011b \u0161otolinov\u00e9 cest\u011b.<\/p>\n<p class=\"attr\">Pro ty z V\u00e1s, kte\u0159\u00ed d\u00e1vaj\u00ed p\u0159ednost sp\u00ed\u0161e tras\u00e1m s mal\u00fdm p\u0159ev\u00fd\u0161en\u00edm, m\u016f\u017eeme doporu\u010dit <em>tip \u010d. 2<\/em>\u00a0 <em>P\u0159ehradu Byst\u0159i\u010dku.<\/em> Cesta tam je 10,7 km dlouh\u00e1, cel\u00e1 vede po hlavn\u00ed silnici a na \u017e\u00e1dn\u00e9 v\u00fdrazn\u011bj\u0161\u00ed kopce nenaraz\u00edte. Cesta tam je sp\u00ed\u0161e z kopce, za cca. 30 min. jste tam, zp\u00e1te\u010dn\u00ed cesta tak 45 min.<\/p>\n<p class=\"attr\"><em>Tip \u010d. 3 Horsk\u00e1 Chata C\u00e1b<\/em>: Na chatu C\u00e1b p\u0159es Hlubok\u00fd se lehce nadpr\u016fm\u011brn\u00fd cyklista dostane za 50 min. Velk\u00e1 \u010d\u00e1st cesty je asfaltov\u00e1, pak cca. 1 km dlouh\u00fd \u00fasek je zpevn\u011bn \u0161t\u011brkem a v\u011bt\u0161\u00edmi kameny. T\u00e1hne se celou dobu do kopce &#8211; je to super v\u00fdzva <span class=\"x3nfvp2 x1j61x8r x1fcty0u xdj266r xhhsvwb xat24cr xgzva0m xxymvpz xlup9mm x1kky2od\"><img decoding=\"async\" loading=\"lazy\" class=\"xz74otr\" src=\"https:\/\/static.xx.fbcdn.net\/images\/emoji.php\/v9\/ta5\/1.5\/16\/1f642.png\" alt=\"\" width=\"16\" height=\"16\" \/><\/span>.<\/p>\n<p class=\"attr\">Na C\u00e1b se lze dostat i p\u0159es Ky\u010dery, D\u00edly, Tane\u010dnici. Trasa je cca 2 hod dlouh\u00e1, n\u00e1ro\u010dn\u011bj\u0161\u00ed, v\u011bt\u0161ina trasy vede po lesn\u00edch cest\u00e1ch a chodn\u00ed\u010dc\u00edch, \u010d\u00e1st v oblasti Lu\u0161ov\u00e9 je n\u00e1ro\u010dn\u011bj\u0161\u00ed i na sjezd (prud\u0161\u00ed svah a velk\u00e9 kameny). Zp\u00e1tky se pak m\u016f\u017eete dostat v\u00fd\u0161e popsanou trasou p\u0159es Hlubok\u00fd.<\/p>\n<p class=\"attr\">Mo\u017enosti koup\u00e1n\u00ed: p\u0159ehrada Byst\u0159i\u010dka ,koupali\u0161t\u011b Vigantice, baz\u00e9n Ro\u017enov pod Radho\u0161t\u011bm, koupali\u0161t\u011b Hutisko-Solanec, koupali\u0161t\u011b Ro\u017enov pod Radho\u0161t\u011bm, koupali\u0161t\u011b Zub\u0159\u00ed, koupali\u0161t\u011b Balaton, koupali\u0161t\u011b biotop Be\u010dva, koupali\u0161t\u011b Velk\u00e9 Karlovice, koupali\u0161t\u011b Vset\u00edn, baz\u00e9n Vset\u00edn &#8211; M\u011bstsk\u00e9 l\u00e1zn\u011b, baz\u00e9n Vala\u0161sk\u00e9 Mezi\u0159\u00ed\u010d\u00ed, p\u0159ehrada Horn\u00ed Be\u010dva, Vodn\u00ed sv\u011bt Velk\u00e9 Karlovice, koupali\u0161t\u011b Mo\u0159kov.<\/p>\n<\/div>\n<p class=\"attr\">Bl\u00edzk\u00e1 ly\u017ea\u0159sk\u00e1 st\u0159ediska: Rali\u0161ka, B\u00fa\u0159ov (mimo provoz), Vsack\u00fd C\u00e1b, D\u011btsk\u00fd vlek u Vily Anna, Sol\u00e1\u0148,\u00a0 Vran\u010da, Karol\u00ednka,\u00a0 Radho\u0161\u0165 &#8211; Pod kapl\u00ed, Huslenky, Synot &#8211; Ky\u010derka, Velk\u00e9 Karlovice \u2013 Bambucha, Ly\u017ea\u0159sk\u00e9 st\u0159edisko B\u00edl\u00e1, Makov.<\/p>\n<div class=\"attrs\">\n<p class=\"attr\"><b>Autobusov\u00e1 zast\u00e1vka 50 m.<\/b><\/p>\n<p>Vlakov\u00e9 n\u00e1dra\u017e\u00ed 8km.<\/p>\n<div class=\"x78zum5 xdt5ytf\">\n<div class=\"x9f619 x1n2onr6 x1ja2u2z\">\n<div class=\"__fb-light-mode x1n2onr6\">\n<div class=\"\">\n<div class=\"x78zum5 xdt5ytf x1n2onr6\" tabindex=\"0\" data-release-focus-from=\"CLICK\" data-scope=\"messages_table\">\n<div class=\"x78zum5\">\n<div class=\"x78zum5 x1iyjqo2 xs83m0k xeuugli x15zctf7\">\n<div class=\"html-div xe8uvvx xdj266r x11i5rnm xat24cr x1mh8g0r xexx8yu x4uap5 x18d9i69 xkhd6sd x1h91t0o xkh2ocl x78zum5 xdt5ytf x13a6bvl xhj03cu\">\n<div class=\"html-div xe8uvvx xdj266r x11i5rnm xat24cr x1mh8g0r xexx8yu x4uap5 x18d9i69 xkhd6sd x78zum5 xh8yej3\">\n<div class=\"x78zum5 xdt5ytf x193iq5w x1n2onr6 x1kxipp6 xuk3077\">\n<div class=\"x78zum5 xh8yej3\">\n<div class=\"html-div xe8uvvx xdj266r x11i5rnm xat24cr x1mh8g0r xexx8yu x4uap5 x18d9i69 xkhd6sd x6ikm8r x10wlt62 x16it46q xh8yej3\">\n<div class=\"html-div xe8uvvx xdj266r x11i5rnm xat24cr x1mh8g0r x1tlxs6b x1g8br2z x14ctfv x1k4qllp x6ikm8r x10wlt62 x1y1aw1k xwib8y2 x1ye3gou xn6708d x1n2onr6 x1vjfegm x1mzt3pk x13faqbe x5pf9jr xo71vjh x9f619 x16it46q xh8yej3 x11jlvup xpmdkuv x154zaqr x12z03op xyhp3ou x13fuv20 xu3j5b3 x1q0q8m5 x26u7qi x1qzh56z xwjhk0h x1a35899 xfvoq21\">\n<div class=\"x9f619 x1n2onr6 x1ja2u2z __fb-light-mode\">\n<div class=\"html-div xe8uvvx xexx8yu x4uap5 x18d9i69 xkhd6sd x1gslohp x11i5rnm x12nagc x1mh8g0r x1yc453h x126k92a xyk4ms5\" dir=\"auto\"><\/div>\n<\/div>\n<\/div>\n<\/div>\n<\/div>\n<div class=\"html-div xe8uvvx xdj266r x11i5rnm xat24cr x1mh8g0r xexx8yu x4uap5 x18d9i69 xkhd6sd x1h91t0o xkh2ocl x78zum5 xdt5ytf x13a6bvl x193iq5w x1c4vz4f x1eb86dx\">\n<div class=\"html-div xe8uvvx xdj266r x11i5rnm xat24cr x1mh8g0r xexx8yu x4uap5 x18d9i69 xkhd6sd x193iq5w x1n2onr6 x1vjfegm xh8yej3\">\n<div class=\"xw5ewwj xh8yej3\">\n<div class=\"html-div xe8uvvx xdj266r x11i5rnm xat24cr x1mh8g0r xexx8yu x4uap5 x18d9i69 xkhd6sd x1gn5b1j x230xth x5yr21d x6ikm8r x10wlt62 xxymvpz x1xr0vuk x168nmei x1yr5g0i\">\n<div class=\"x78zum5 xdt5ytf x5yr21d\">\n<div class=\"x78zum5 x1n2onr6 xh8yej3\"><img decoding=\"async\" src=\"blob:https:\/\/www.facebook.com\/b04bcdc4-5241-40ff-8a1c-5532331347b1\" alt=\"\" \/><strong>Provoz, poplatky, ceny<\/strong><\/div>\n<\/div>\n<\/div>\n<\/div>\n<\/div>\n<\/div>\n<\/div>\n<\/div>\n<div class=\"html-div xe8uvvx xdj266r x11i5rnm xat24cr x1mh8g0r xexx8yu x4uap5 x18d9i69 xkhd6sd x1h91t0o xkh2ocl x78zum5 xdt5ytf x13a6bvl x193iq5w x1c4vz4f x1eb86dx\">\n<p>Provoz celoro\u010dn\u011b. \u017d\u00e1dn\u00e9 dal\u0161\u00ed poplatky neu\u010dtujeme, vyjma poplatku obci 15k\u010d\/dosp\u011bl\u00fd\/noc a psa &#8211; pes povolen na z\u00e1klad\u011b p\u0159edchoz\u00ed dohody. Mo\u017enost ubytov\u00e1n\u00ed i na v\u00edkend. Silvestrovsk\u00e9 pobyty. V\u00e1no\u010dn\u00ed pobyty, jarn\u00ed pr\u00e1zdniny, Velikonoce.<\/p>\n<p>Pros\u00edme n\u00e1jemce o z\u00e1kladn\u00ed z\u00e1v\u011bre\u010dn\u00fd \u00faklid p\u0159i odjezdu (st\u00e1hnut\u00ed povle\u010den\u00ed, p\u0159\u00edpadn\u011b vys\u00e1t, vynesen\u00ed odpadkov\u00fdch ko\u0161\u016f, umyt\u00ed a ut\u0159en\u00ed n\u00e1dob\u00ed). D\u011bkujeme.<\/p>\n<\/div>\n<\/div>\n<div class=\"html-div xe8uvvx xdj266r x11i5rnm xat24cr x1mh8g0r xexx8yu x4uap5 x18d9i69 xkhd6sd x1h91t0o xkh2ocl x78zum5 xdt5ytf x13a6bvl x193iq5w x1c4vz4f x1eb86dx\"><\/div>\n<\/div>\n<\/div>\n<div class=\"html-div xe8uvvx xdj266r x11i5rnm xat24cr x1mh8g0r xexx8yu x4uap5 x18d9i69 xkhd6sd x1h91t0o xkh2ocl x78zum5 xdt5ytf x13a6bvl x193iq5w x1iyjqo2 x1eb86dx\" style=\"text-align: center;\"><a href=\"http:\/\/www.ubytovani-beskiden.cz\/wp-content\/uploads\/2025\/02\/udrzovana-zahrada-25ce-1-1.jpeg\"><img decoding=\"async\" loading=\"lazy\" class=\"alignnone size-medium wp-image-501\" src=\"http:\/\/www.ubytovani-beskiden.cz\/wp-content\/uploads\/2025\/02\/udrzovana-zahrada-25ce-1-1-300x200.jpeg\" alt=\"\" width=\"300\" height=\"200\" srcset=\"https:\/\/www.ubytovani-beskiden.cz\/wp-content\/uploads\/2025\/02\/udrzovana-zahrada-25ce-1-1-300x200.jpeg 300w, https:\/\/www.ubytovani-beskiden.cz\/wp-content\/uploads\/2025\/02\/udrzovana-zahrada-25ce-1-1-768x512.jpeg 768w, https:\/\/www.ubytovani-beskiden.cz\/wp-content\/uploads\/2025\/02\/udrzovana-zahrada-25ce-1-1.jpeg 800w\" sizes=\"(max-width: 300px) 100vw, 300px\" \/><\/a><\/div>\n<div class=\"x78zum5\">\n<div class=\"html-div xe8uvvx xdj266r x11i5rnm xat24cr x1mh8g0r xexx8yu x4uap5 x18d9i69 xkhd6sd x1h91t0o xkh2ocl x78zum5 xdt5ytf x13a6bvl x193iq5w x1c4vz4f x1eb86dx\"><\/div>\n<\/div>\n<\/div>\n<\/div>\n<\/div>\n<\/div>\n<\/div>\n<div class=\"x78zum5 xdt5ytf\">\n<div class=\"x9f619 x1n2onr6 x1ja2u2z\">\n<div class=\"\">\n<div class=\"x1n2onr6\" tabindex=\"-1\" data-release-focus-from=\"CLICK\" data-scope=\"messages_table\">\n<div class=\"html-div xe8uvvx xdj266r x11i5rnm xat24cr x1mh8g0r xexx8yu x4uap5 x18d9i69 xkhd6sd x1h91t0o xkh2ocl x78zum5 xdt5ytf x13a6bvl x193iq5w x1c4vz4f x1eb86dx\">\n<div class=\"html-div xe8uvvx xdj266r x11i5rnm xat24cr x1mh8g0r xyamay9 x1l90r2v x5ib6vp xc73u3c\">\n<div class=\"html-div xe8uvvx xexx8yu x4uap5 x18d9i69 xkhd6sd xr1yuqi xkrivgy x4ii5y1 x1gryazu x1ekjcvx x2b8uid x13faqbe\">\n<div class=\"xjpr12u xr9ek0c x2b8uid\" data-scope=\"date_break\"><\/div>\n<\/div>\n<\/div>\n<\/div>\n<\/div>\n<\/div>\n<\/div>\n<\/div>\n<\/div>\n<p><!--more--><\/p>\n","protected":false},"excerpt":{"rendered":"<p>Chata Beskiden Srde\u010dn\u011b V\u00e1s v\u00edt\u00e1me v na\u0161\u00ed tradi\u010dn\u00ed Chat\u011b Beskiden, kter\u00e1 je situov\u00e1na na okraji lesa, p\u0159ibli\u017en\u011b 2 km od centra podhorsk\u00e9 rekrea\u010dn\u00ed obce Vala\u0161sk\u00e1 Byst\u0159ice. U n\u00e1s naleznete jedine\u010dnou atmosf\u00e9ru venkova, nekone\u010dnou pohodu, \u010derstv\u00fd vzduch a to v\u0161e v objet\u00ed n\u00e1dhern\u00e9 p\u0159\u00edrodn\u00ed scen\u00e9rie Chr\u00e1n\u011bn\u00e9 krajinn\u00e9 oblasti Beskydy. Chata Beskiden<a href=\"https:\/\/www.ubytovani-beskiden.cz\/?page_id=2\" class=\"read-more\">Read the Rest&#8230;<\/a><\/p>\n","protected":false},"author":1,"featured_media":0,"parent":0,"menu_order":1,"comment_status":"open","ping_status":"open","template":"","meta":[],"_links":{"self":[{"href":"https:\/\/www.ubytovani-beskiden.cz\/index.php?rest_route=\/wp\/v2\/pages\/2"}],"collection":[{"href":"https:\/\/www.ubytovani-beskiden.cz\/index.php?rest_route=\/wp\/v2\/pages"}],"about":[{"href":"https:\/\/www.ubytovani-beskiden.cz\/index.php?rest_route=\/wp\/v2\/types\/page"}],"author":[{"embeddable":true,"href":"https:\/\/www.ubytovani-beskiden.cz\/index.php?rest_route=\/wp\/v2\/users\/1"}],"replies":[{"embeddable":true,"href":"https:\/\/www.ubytovani-beskiden.cz\/index.php?rest_route=%2Fwp%2Fv2%2Fcomments&post=2"}],"version-history":[{"count":63,"href":"https:\/\/www.ubytovani-beskiden.cz\/index.php?rest_route=\/wp\/v2\/pages\/2\/revisions"}],"predecessor-version":[{"id":625,"href":"https:\/\/www.ubytovani-beskiden.cz\/index.php?rest_route=\/wp\/v2\/pages\/2\/revisions\/625"}],"wp:attachment":[{"href":"https:\/\/www.ubytovani-beskiden.cz\/index.php?rest_route=%2Fwp%2Fv2%2Fmedia&parent=2"}],"curies":[{"name":"wp","href":"https:\/\/api.w.org\/{rel}","templated":true}]}}