{"id":165,"date":"2018-05-24T19:18:09","date_gmt":"2018-05-24T19:18:09","guid":{"rendered":"http:\/\/www.ubytovanibeskiden.cz.uvirt79.active24.cz\/?page_id=165"},"modified":"2018-05-25T18:40:12","modified_gmt":"2018-05-25T18:40:12","slug":"informace-o-ochrane-osobnich-udaju","status":"publish","type":"page","link":"https:\/\/www.ubytovani-beskiden.cz\/?page_id=165","title":{"rendered":"Informace o ochran\u011b osobn\u00edch \u00fadaj\u016f"},"content":{"rendered":"<div class=\"section mcb-section   \">\n<div class=\"section_wrapper mcb-section-inner\">\n<div class=\"wrap mcb-wrap one  valign-top clearfix\">\n<div class=\"mcb-wrap-inner\">\n<div class=\"column mcb-column one column_fancy_heading \">\n<div class=\"fancy_heading fancy_heading_icon\">\n<h1 class=\"title\">Ochrana osobn\u00edch \u00fadaj\u016f a Cookies<\/h1>\n<\/div>\n<\/div>\n<div class=\"column mcb-column one-fourth column_icon_box \"><\/div>\n<div class=\"column mcb-column two-third column_column \">\n<div class=\"column_attr clearfix\">\n<h2>Ochrana osobn\u00edch \u00fadaj\u016f<\/h2>\n<hr class=\"no_line\" \/>\n<ol>\n<li>Pronaj\u00edmatel Jitka Va\u0148kov\u00e1,\u00a0 fyzick\u00e1 osoba zapsan\u00e1 v \u017eivnostensk\u00e9m rejst\u0159\u00edku, zpracov\u00e1v\u00e1 v p\u0159\u00edpad\u011b va\u0161\u00ed popt\u00e1vky slu\u017eeb ve smyslu z\u00e1kona \u010d. 101\/2000 Sb., o ochran\u011b osobn\u00edch \u00fadaj\u016f, n\u00e1sleduj\u00edc\u00ed osobn\u00ed \u00fadaje:\n<ul>\n<li>jm\u00e9no a p\u0159\u00edjmen\u00ed<\/li>\n<li>emailovou adresu<\/li>\n<li>telefon<\/li>\n<\/ul>\n<\/li>\n<li>Jm\u00e9no, p\u0159\u00edjmen\u00ed a emailovou adresu je nutn\u00e9 zpracovat pro vytvo\u0159en\u00ed nab\u00eddky slu\u017eeb, jedn\u00e1n\u00ed o t\u00e9to nab\u00eddce nebo za \u00fa\u010delem odpov\u011bdi na V\u00e1mi vznesen\u00fd dotaz. Takov\u00e9 zpracov\u00e1n\u00ed umo\u017e\u0148uje ust. \u00a7 5 odst. 2 p\u00edsm. b) z\u00e1kona o ochran\u011b o osobn\u00edch \u00fadaj\u016f. Tyto osobn\u00ed \u00fadaje budou pronaj\u00edmatelem Jitkou Va\u0148kovou zpracov\u00e1v\u00e1ny po dobu jedn\u00e1n\u00ed o uzav\u0159en\u00ed smlouvy mezi V\u00e1mi a Jitkou Va\u0148kovou, nejd\u00e9le 1 rok od va\u0161\u00ed popt\u00e1vky, pokud neud\u011bl\u00edte souhlas k dal\u0161\u00edmu zpracov\u00e1n\u00ed.<\/li>\n<li>Zpracov\u00e1n\u00ed osobn\u00edch \u00fadaj\u016f je prov\u00e1d\u011bno podnikatelem Jitkou Va\u0148kovou, tedy spr\u00e1vcem osobn\u00edch \u00fadaj\u016f.<\/li>\n<li>Vezm\u011bte, pros\u00edme, na v\u011bdom\u00ed, \u017ee podle z\u00e1kona o ochran\u011b osobn\u00edch \u00fadaj\u016f m\u00e1te pr\u00e1vo:\n<ul>\n<li>po\u017eadovat po n\u00e1s informaci, jak\u00e9 va\u0161e osobn\u00ed \u00fadaje zpracov\u00e1v\u00e1me,<\/li>\n<li>po\u017eadovat po n\u00e1s vysv\u011btlen\u00ed ohledn\u011b zpracov\u00e1n\u00ed osobn\u00edch \u00fadaj\u016f,<\/li>\n<li>vy\u017e\u00e1dat si u n\u00e1s p\u0159\u00edstup k t\u011bmto \u00fadaj\u016fm a tyto nechat aktualizovat nebo opravit,<\/li>\n<li>po\u017eadovat po n\u00e1s v\u00fdmaz t\u011bchto osobn\u00edch \u00fadaj\u016f \u2013 tento v\u00fdmaz v\u0161ak bude m\u00edt za n\u00e1sledek ukon\u010den\u00ed jedn\u00e1n\u00ed o smlouv\u011b,<\/li>\n<li>v p\u0159\u00edpad\u011b pochybnost\u00ed o dodr\u017eov\u00e1n\u00ed povinnost\u00ed souvisej\u00edc\u00edch se zpracov\u00e1n\u00edm osobn\u00edch \u00fadaj\u016f obr\u00e1tit se na n\u00e1s nebo na \u00da\u0159ad pro ochranu osobn\u00edch \u00fadaj\u016f.<\/li>\n<\/ul>\n<\/li>\n<\/ol>\n<hr class=\"no_line\" \/>\n<h2>Cookies<\/h2>\n<hr class=\"no_line\" \/>\n<p>Pron\u00e1jimatel Jitka Va\u0148kov\u00e1, fyzick\u00e1 osoba zapsan\u00e1 v \u017eivnostensk\u00e9m rejst\u0159\u00edku, u\u017e\u00edv\u00e1 na t\u00e9to webov\u00e9 str\u00e1nce soubory cookies, kter\u00e9 jsou zde u\u017eity za \u00fa\u010delem m\u011b\u0159en\u00ed n\u00e1v\u0161t\u011bvnosti webu, p\u0159izp\u016fsoben\u00ed zobrazen\u00ed webov\u00fdch str\u00e1nek www.ubytovani-beskiden.cz. Cookies pro m\u011b\u0159en\u00ed n\u00e1v\u0161t\u011bvnosti webu a p\u0159izp\u016fsoben\u00ed zobrazen\u00ed webov\u00fdch str\u00e1nek jsou zpracov\u00e1v\u00e1ny na z\u00e1klad\u011b opr\u00e1vn\u011bn\u00e9ho z\u00e1jmu spole\u010dnosti.<\/p>\n<p>\u00dadaje, kter\u00e9 provozovatel takto z\u00edsk\u00e1, mohou b\u00fdt zp\u0159\u00edstupn\u011bny dal\u0161\u00edm zpracovatel\u016fm, zejm\u00e9na provozovateli slu\u017eeb a platformy Google.<\/p>\n<p>Webov\u00e9 str\u00e1nky lze pou\u017e\u00edvat i v re\u017eimu, kter\u00fd neumo\u017e\u0148uje sb\u00edr\u00e1n\u00ed \u00fadaj\u016f o chov\u00e1n\u00ed n\u00e1v\u0161t\u011bvn\u00edk\u016f webu.<\/p>\n<p>Shrom\u00e1\u017ed\u011bn\u00e9 cookies soubory jsou zpracov\u00e1ny zejm\u00e9na prost\u0159ednictv\u00edm slu\u017eby Google Analytics, provozovanou spole\u010dnost\u00ed Google Inc., s\u00eddlem 1600 Amphitheatre Parkway, Mountain View, CA 94043, USA.<\/p>\n<p>Sesb\u00edran\u00e9 cookies soubory jsou n\u00e1sledn\u011b spole\u010dnost\u00ed Google Inc. v souladu se Z\u00e1sadami ochrany soukrom\u00ed, dostupn\u00fdmi na <a href=\"https:\/\/www.google.com\/intl\/cs\/policies\/privacy\/#nosharing\" target=\"_blank\">https:\/\/www.google.com\/intl\/cs\/policies\/privacy\/#nosharing<\/a>.<\/p>\n<p>Pronaj\u00edmatel Jitka Va\u0148kov\u00e1 shroma\u017e\u010fuje na sv\u00fdch webov\u00fdch str\u00e1nk\u00e1ch n\u00e1sleduj\u00edc\u00ed soubory cookies:<\/p>\n<p><b>Typ:<\/b> Cookies t\u0159et\u00edch stran<br \/>\n<b>N\u00e1zev:<\/b> Google Analytics<br \/>\n<b>\u00da\u010del:<\/b> Z\u00edsk\u00e1n\u00ed statistick\u00fdch informac\u00ed<br \/>\n<b>Expirace:<\/b> Dle nastaven\u00ed prohl\u00ed\u017ee\u010de, pop\u0159. do odstran\u011bn\u00ed<\/p>\n<\/div>\n<\/div>\n<\/div>\n<\/div>\n<\/div>\n<\/div>\n","protected":false},"excerpt":{"rendered":"<p>Ochrana osobn\u00edch \u00fadaj\u016f a Cookies Ochrana osobn\u00edch \u00fadaj\u016f Pronaj\u00edmatel Jitka Va\u0148kov\u00e1,\u00a0 fyzick\u00e1 osoba zapsan\u00e1 v \u017eivnostensk\u00e9m rejst\u0159\u00edku, zpracov\u00e1v\u00e1 v p\u0159\u00edpad\u011b va\u0161\u00ed popt\u00e1vky slu\u017eeb ve smyslu z\u00e1kona \u010d. 101\/2000 Sb., o ochran\u011b osobn\u00edch \u00fadaj\u016f, n\u00e1sleduj\u00edc\u00ed osobn\u00ed \u00fadaje: jm\u00e9no a p\u0159\u00edjmen\u00ed emailovou adresu telefon Jm\u00e9no, p\u0159\u00edjmen\u00ed a emailovou adresu je nutn\u00e9 zpracovat<a href=\"https:\/\/www.ubytovani-beskiden.cz\/?page_id=165\" class=\"read-more\">Read the Rest&#8230;<\/a><\/p>\n","protected":false},"author":1,"featured_media":0,"parent":18,"menu_order":0,"comment_status":"closed","ping_status":"closed","template":"","meta":[],"_links":{"self":[{"href":"https:\/\/www.ubytovani-beskiden.cz\/index.php?rest_route=\/wp\/v2\/pages\/165"}],"collection":[{"href":"https:\/\/www.ubytovani-beskiden.cz\/index.php?rest_route=\/wp\/v2\/pages"}],"about":[{"href":"https:\/\/www.ubytovani-beskiden.cz\/index.php?rest_route=\/wp\/v2\/types\/page"}],"author":[{"embeddable":true,"href":"https:\/\/www.ubytovani-beskiden.cz\/index.php?rest_route=\/wp\/v2\/users\/1"}],"replies":[{"embeddable":true,"href":"https:\/\/www.ubytovani-beskiden.cz\/index.php?rest_route=%2Fwp%2Fv2%2Fcomments&post=165"}],"version-history":[{"count":4,"href":"https:\/\/www.ubytovani-beskiden.cz\/index.php?rest_route=\/wp\/v2\/pages\/165\/revisions"}],"predecessor-version":[{"id":171,"href":"https:\/\/www.ubytovani-beskiden.cz\/index.php?rest_route=\/wp\/v2\/pages\/165\/revisions\/171"}],"up":[{"embeddable":true,"href":"https:\/\/www.ubytovani-beskiden.cz\/index.php?rest_route=\/wp\/v2\/pages\/18"}],"wp:attachment":[{"href":"https:\/\/www.ubytovani-beskiden.cz\/index.php?rest_route=%2Fwp%2Fv2%2Fmedia&parent=165"}],"curies":[{"name":"wp","href":"https:\/\/api.w.org\/{rel}","templated":true}]}}

Informace o ochraně osobních údajů

<div class="section mcb-section   ">
<div class="section_wrapper mcb-section-inner">
<div class="wrap mcb-wrap one  valign-top clearfix">
<div class="mcb-wrap-inner">
<div class="column mcb-column one column_fancy_heading ">
<div class="fancy_heading fancy_heading_icon">
<h1 class="title">Ochrana osobních údajů a Cookies</h1>
</div>
</div>
<div class="column mcb-column one-fourth column_icon_box "></div>
<div class="column mcb-column two-third column_column ">
<div class="column_attr clearfix">
<h2>Ochrana osobních údajů</h2>
<hr class="no_line" />
<ol>
<li>Pronajímatel Jitka Vaňková,  fyzická osoba zapsaná v živnostenském rejstříku, zpracovává v případě vaší poptávky služeb ve smyslu zákona č. 101/2000 Sb., o ochraně osobních údajů, následující osobní údaje:
<ul>
<li>jméno a příjmení</li>
<li>emailovou adresu</li>
<li>telefon</li>
</ul>
</li>
<li>Jméno, příjmení a emailovou adresu je nutné zpracovat pro vytvoření nabídky služeb, jednání o této nabídce nebo za účelem odpovědi na Vámi vznesený dotaz. Takové zpracování umožňuje ust. § 5 odst. 2 písm. b) zákona o ochraně o osobních údajů. Tyto osobní údaje budou pronajímatelem Jitkou Vaňkovou zpracovávány po dobu jednání o uzavření smlouvy mezi Vámi a Jitkou Vaňkovou, nejdéle 1 rok od vaší poptávky, pokud neudělíte souhlas k dalšímu zpracování.</li>
<li>Zpracování osobních údajů je prováděno podnikatelem Jitkou Vaňkovou, tedy správcem osobních údajů.</li>
<li>Vezměte, prosíme, na vědomí, že podle zákona o ochraně osobních údajů máte právo:
<ul>
<li>požadovat po nás informaci, jaké vaše osobní údaje zpracováváme,</li>
<li>požadovat po nás vysvětlení ohledně zpracování osobních údajů,</li>
<li>vyžádat si u nás přístup k těmto údajům a tyto nechat aktualizovat nebo opravit,</li>
<li>požadovat po nás výmaz těchto osobních údajů – tento výmaz však bude mít za následek ukončení jednání o smlouvě,</li>
<li>v případě pochybností o dodržování povinností souvisejících se zpracováním osobních údajů obrátit se na nás nebo na Úřad pro ochranu osobních údajů.</li>
</ul>
</li>
</ol>
<hr class="no_line" />
<h2>Cookies</h2>
<hr class="no_line" />
<p>Pronájimatel Jitka Vaňková, fyzická osoba zapsaná v živnostenském rejstříku, užívá na této webové stránce soubory cookies, které jsou zde užity za účelem měření návštěvnosti webu, přizpůsobení zobrazení webových stránek www.ubytovani-beskiden.cz. Cookies pro měření návštěvnosti webu a přizpůsobení zobrazení webových stránek jsou zpracovávány na základě oprávněného zájmu společnosti.</p>
<p>Údaje, které provozovatel takto získá, mohou být zpřístupněny dalším zpracovatelům, zejména provozovateli služeb a platformy Google.</p>
<p>Webové stránky lze používat i v režimu, který neumožňuje sbírání údajů o chování návštěvníků webu.</p>
<p>Shromážděné cookies soubory jsou zpracovány zejména prostřednictvím služby Google Analytics, provozovanou společností Google Inc., sídlem 1600 Amphitheatre Parkway, Mountain View, CA 94043, USA.</p>
<p>Sesbírané cookies soubory jsou následně společností Google Inc. v souladu se Zásadami ochrany soukromí, dostupnými na <a href="https://www.google.com/intl/cs/policies/privacy/#nosharing" target="_blank">https://www.google.com/intl/cs/policies/privacy/#nosharing</a>.</p>
<p>Pronajímatel Jitka Vaňková shromažďuje na svých webových stránkách následující soubory cookies:</p>
<p><b>Typ:</b> Cookies třetích stran<br />
<b>Název:</b> Google Analytics<br />
<b>Účel:</b> Získání statistických informací<br />
<b>Expirace:</b> Dle nastavení prohlížeče, popř. do odstranění</p>
</div>
</div>
</div>
</div>
</div>
</div>

<p>Ochrana osobních údajů a Cookies Ochrana osobních údajů Pronajímatel Jitka Vaňková,  fyzická osoba zapsaná v živnostenském rejstříku, zpracovává v případě vaší poptávky služeb ve smyslu zákona č. 101/2000 Sb., o ochraně osobních údajů, následující osobní údaje: jméno a příjmení emailovou adresu telefon Jméno, příjmení a emailovou adresu je nutné zpracovat<a href="https://www.ubytovani-beskiden.cz/?page_id=165" class="read-more">Read the Rest&#8230;</a></p>
